06801
What are the prime factors of 275896?
2, 34487
List the prime factors of 1638391.
1277, 1283
What are the prime factors of 14226038?
2, 941, 7559
What are the prime factors of 457494?
2, 3, 76249
What are the prime factors of 12469374?
2, 3, 692743
What are the prime factors of 8056857?
3, 139
List the prime factors of 3035536.
2, 7, 27103
List the prime factors of 9240319.
11, 23, 36523
List the prime factors of 29535311.
13, 29, 157, 499
List the prime factors of 472185.
3, 5, 7, 1499
What are the prime factors of 406329?
3, 7, 11, 1759
List the prime factors of 1342545.
3, 5, 37, 41, 59
What are the prime factors of 498018?
2, 3, 83003
What are the prime factors of 85309?
7, 1741
What are the prime factors of 10023107?
97, 191, 541
List the prime factors of 100982.
2, 7, 7213
List the prime factors of 2339336.
2, 17, 103, 167
What are the prime factors of 1048345?
5, 209669
What are the prime factors of 82475?
5, 3299
List the prime factors of 3600667.
7, 73483
What are the prime factors of 245973?
3, 7, 13, 17, 53
List the prime factors of 759054.
2, 3, 73, 1733
What are the prime factors of 242034?
2, 3, 13, 29, 107
What are the prime factors of 130968?
2, 3, 17, 107
What are the prime factors of 366411?
3, 37, 3301
What are the prime factors of 75740?
2, 5, 7, 541
List the prime factors of 31361538.
2, 3, 13, 402071
List the prime factors of 541052.
2, 23, 5881
What are the prime factors of 13845718?
2, 17, 19, 21433
What are the prime factors of 28233?
3, 3137
List the prime factors of 16309478.
2, 53, 251, 613
What are the prime factors of 539051?
23, 1019
List the prime factors of 462013.
462013
List the prime factors of 1566274.
2, 783137
What are the prime factors of 107920?
2, 5, 19, 71
What are the prime factors of 757041?
3, 277, 911
List the prime factors of 581189.
7, 29, 409
List the prime factors of 139998.
2, 3, 23333
List the prime factors of 25638337.
25638337
List the prime factors of 6635866.
2, 3317933
List the prime factors of 755977.
755977
What are the prime factors of 4605632?
2, 71963
What are the prime factors of 797193?
3, 101, 877
List the prime factors of 532650.
2, 3, 5, 53, 67
List the prime factors of 2135379.
3, 711793
List the prime factors of 2349377.
29, 81013
List the prime factors of 421969.
571, 739
List the prime factors of 289455.
3, 5, 23, 839
What are the prime factors of 2714867?
2714867
List the prime factors of 6731838.
2, 3, 61, 6131
List the prime factors of 4411268.
2, 19, 58043
What are the prime factors of 6692196?
2, 3, 7, 79669
What are the prime factors of 6460305?
3, 5, 83, 5189
What are the prime factors of 653663?
41, 107, 149
List the prime factors of 1343620.
2, 5, 67181
List the prime factors of 280640.
2, 5, 877
What are the prime factors of 1453221?
3, 7, 11, 233
List the prime factors of 1312145.
5, 17, 43, 359
List the prime factors of 69689.
227, 307
List the prime factors of 11519094.
2, 3, 349, 5501
What are the prime factors of 5580478?
2, 89, 107, 293
What are the prime factors of 34622?
2, 7, 2473
What are the prime factors of 5772982?
2, 83, 419
What are the prime factors of 369759?
3, 13, 19, 499
List the prime factors of 2053787.
17, 120811
List the prime factors of 1962847.
1962847
What are the prime factors of 35813163?
3, 11937721
What are the prime factors of 108921?
3, 36307
What are the prime factors of 17653968?
2, 3, 122597
List the prime factors of 66768.
2, 3, 13, 107
What are the prime factors of 10851459?
3, 3617153
What are the prime factors of 5565625?
5, 13, 137
List the prime factors of 140841.
3, 15649
What are the prime factors of 1071645?
3, 5, 71443
List the prime factors of 700466.
2, 13, 29, 929
List the prime factors of 14522584.
2, 1815323
List the prime factors of 265845.
3, 5, 37, 479
List the prime factors of 532573.
101, 5273
What are the prime factors of 4418931?
3, 11, 359, 373
List the prime factors of 218220.
2, 3, 5, 3637
What are the prime factors of 893547?
3, 101, 983
List the prime factors of 539727.
3, 179909
What are the prime factors of 212029?
212029
List the prime factors of 24102791.
24102791
List the prime factors of 566144.
2, 4423
List the prime factors of 816488.
2, 102061
What are the prime factors of 1450394?
2, 11, 65927
List the prime factors of 1598254.
2, 7, 114161
What are the prime factors of 6931?
29, 239
What are the prime factors of 2854?
2, 1427
What are the prime factors of 5794894?
2, 7, 83, 4987
List the prime factors of 6042342.
2, 3, 19, 53003
List the prime factors of 859986.
2, 3, 47777
What are the prime factors of 1286333?
67, 73, 263
What are the prime factors of 433966?
2, 13, 16691
List the prime factors of 8562027.
3, 19, 150211
What are the prime factors of 2630496?
2, 3, 11, 47, 53
What are the prime factors of 37394236?
2, 11, 849869
List the prime factors of 305624.
2, 11, 23, 151
List the prime factors of 2554670.
2, 5, 255467
List the prime factors of 62500.
2, 5
List the prime factors of 39701.
29, 37
What are the prime factors of 252800?
2, 5, 79
What are the prime factors of 1386357?
3, 7, 9431
List the prime factors of 201980.
2, 5, 10099
List the prime factors of 20893.
17, 1229
What are the prime factors of 663138?
2, 3, 7, 19, 277
What are the prime factors of 4227?
3, 1409
List the prime factors of 18384666.
2, 3, 19, 29, 67, 83
List the prime factors of 33801.
3, 19, 593
List the prime factors of 307402.
2, 153701
What are the prime factors of 829407?
3, 19, 14551
List the prime factors of 60809.
7, 17, 73
What are the prime factors of 5844853?
7, 37, 22567
List the prime factors of 1986830.
2, 5, 19, 10457
What are the prime factors of 428334?
2, 3, 71389
What are the prime factors of 5050825?
5, 13, 15541
List the prime factors of 2122352.
2, 132647
List the prime factors of 4403589.
3, 1467863
What are the prime factors of 1188943?
7, 31, 5479
List the prime factors of 573734.
2, 7, 107, 383
List the prime factors of 7784393.
37, 61, 3449
What are the prime factors of 993253?
993253
What are the prime factors of 542566?
2, 67, 4049
List the prime factors of 20856726.
2, 3, 11, 105337
What are the prime factors of 495774?
2, 3, 9181
What are the prime factors of 285806?
2, 142903
List the prime factors of 1002851.
1002851
List the prime factors of 129510.
2, 3, 5, 1439
List the prime factors of 38388721.
7, 19, 29, 37, 269
List the prime factors of 1125389.
19, 61, 971
What are the prime factors of 959894?
2, 13, 36919
What are the prime factors of 522843?
3, 174281
List the prime factors of 637405.
5, 127481
List the prime factors of 4098052.
2, 7, 146359
List the prime factors of 50975.
5, 2039
What are the prime factors of 1058198?
2, 53, 67, 149
List the prime factors of 222240.
2, 3, 5, 463
List the prime factors of 3058534.
2, 1529267
List the prime factors of 2266909.
19, 119311
What are the prime factors of 14666057?
7, 2095151
List the prime factors of 439617.
3, 146539
What are the prime factors of 3823038?
2, 3, 23599
What are the prime factors of 7321303?
11, 665573
What are the prime factors of 13345?
5, 17, 157
What are the prime factors of 80427?
3, 17, 19, 83
What are the prime factors of 592794?
2, 3, 32933
List the prime factors of 9626139.
3, 1069571
List the prime factors of 394291.
394291
What are the prime factors of 1294670?
2, 5, 13, 23, 433
What are the prime factors of 1883403?
3, 209267
List the prime factors of 48830.
2, 5, 19, 257
List the prime factors of 707016.
2, 3, 89, 331
List the prime factors of 198741.
3, 31, 2137
What are the prime factors of 6717496?
2, 479, 1753
What are the prime factors of 6772522?
2, 3386261
List the prime factors of 2025247.
7, 349, 829
What are the prime factors of 932312?
2, 116539
List the prime factors of 605171.
7, 86453
List the prime factors of 7509493.
1327, 5659
What are the prime factors of 1552628?
2, 7, 11, 71
List the prime factors of 2520898.
2, 359, 3511
List the prime factors of 1317663.
3, 146407
What are the prime factors of 29276?
2, 13, 563
What are the prime factors of 386611?
386611
List the prime factors of 441419.
11, 40129
List the prime factors of 1128884.
2, 282221
What are the prime factors of 11753314?
2, 193, 30449
List the prime factors of 4756587.
3, 11, 144139
List the prime f